10
Let u(z) = -3*z**2 - 3*z - 6. Let h(n) = n**2 + n + 1. Let a(p) = 4*h(p) + u(p). Let r = 4 - 4. Calculate a(r).
-2
Let t(y) = 2*y**3 + 8*y**2 - 7*y + 5. Let u(n) = -3*n**3 - 15*n**2 + 13*n - 9. Let d(i) = 5*t(i) + 3*u(i). Determine d(4).
-2
Suppose -5*y - 1 = -4*u, -u - 2 = 3*y - 15. Suppose 0 = u*i - 8*i + 20. Let a(v) = v + 1. Give a(i).
6
Let c = -85 - -85. Let j(p) = p + 5. Give j(c).
5
Suppose 0 = -3*u - 4*u. Let m(d) = d**3 - d**2 - d - 15. Give m(u).
-15
Let h(t) be the third derivative of 0*t - 1/60*t**5 + 0 + 1/24*t**4 - t**2 + t**3. Calculate h(0).
6
Suppose k = 2*q + 12, 2*k - 1 = -q - 2. Suppose 2*v = -2*f + 14, 4*f + 6 = -2*v + 24. Let t(c) = c**3 + c + 5*c - 1 - k*c - 5*c**f. What is t(4)?
-1
Let k(o) = 3*o + 0*o + 2*o - o + 2*o**2 + 2. Determine k(-3).
8
Suppose -2*q - 2*w + 2 = 0, -2*q + 3*w = q - 21. Let r(j) = -1 + 0 - 6 + q*j - 2*j. What is r(6)?
5
Let x(r) = 0 + 2 - 1 + r - 7*r**3 - 5*r**3. Suppose -2*t = -4*a + 6, 0 = -0*a - a + 1. Calculate x(t).
12
Let n(p) be the second derivative of 0 + 5*p + 1/2*p**2 - 5/6*p**3. Calculate n(-1).
6
Let x = -6 - -8. Let o(b) = 0*b + 4 - b**x - 5*b - b**3 + 3*b - 5*b**2. Determine o(-5).
-11
Let y(h) = h**2 - 7*h + 7. Let f be y(5). Let k(q) = q. What is k(f)?
-3
Suppose 0 = -5*g - 0*g. Suppose g = -3*q - 4 + 1. Let a(r) = -8*r - 1. What is a(q)?
7
Let z(g) = -g. Let w = -9 - -11. Let c(h) = 3*h - 1. Let p(y) = w*z(y) + c(y). Calculate p(-2).
-3
Let g be (4/5)/((-2)/(-5)). Suppose 5*b - 18 = m, 0 = -5*b + 4*m + 4 + 23. Let f(v) = -2*v**2 + 1 + v**b + v - 3*v - v. Give f(g).
-5
Let y(g) be the second derivative of -g**6/60 - g**5/120 - g**4/24 - g**3/6 + 2*g. Let u(b) be the second derivative of y(b). Calculate u(-1).
-6
Let x(z) = -z**3 - 7*z**2 - 9. Let j(y) = y**2 - 8*y + 5. Let d be j(6). Give x(d).
-9
Suppose 4*x - 18 = 5*z, -4*x + 4 + 0 = 2*z. Suppose -3*f - x*f + 10 = 0. Let q = -3 + f. Let w(n) = 5*n - 1. Determine w(q).
-6
Let j(s) = -127*s - 1 + 123*s - 8. Calculate j(-8).
23
Let u be (2/(-3))/(6/81). Let o = u + 10. Let l(n) = 6*n**3 + n**2. What is l(o)?
7
Let m(f) = 3*f + 6. Let a(r) = 1. Let w(h) = -2*a(h) + m(h). What is w(3)?
13
Let i be (-2)/5 + 12/5. Let k(m) = 5*m**i - m**3 + 5 - 4 - m + 0. Let j(y) = y**2 - 31. Let c be j(6). Determine k(c).
-4
Let o be (-3 - -6)/(-1) - -14. Let t(w) = 7*w**3 + 5*w**2 + 2*w + 6. Let p(s) = -13*s**3 - 9*s**2 - 3*s - 11. Let c(d) = o*t(d) + 6*p(d). Give c(3).
-6
Suppose -5*m - 2*c = -6*c + 2, 0 = -2*m + 3*c + 2. Let n = 6 + m. Let p(b) = -5*b - n*b + b. Determine p(-1).
8
Let t(w) = w - 2. Let q(m) be the third derivative of -m**4/6 + 3*m**3/2 + 2*m**2. Let u(k) = -4*q(k) - 18*t(k). Let d = -11 + 7. What is u(d)?
8
Let f be (-276)/20 + 3/(-15) + 2. Let w(z) = -z**3 - 11*z**2 + 13*z + 9. What is w(f)?
-3
Suppose -3*d = 4*k - 132, -d - 2*k + 12 = -34. Let t be d/6 - (-3)/9. Suppose 3*f - 3*i = f - 1, -3*i - t = -4*f. Let j(r) = r - 2. Calculate j(f).
2
Let c(z) = 1. Let u = -1 - -3. Let f(m) = -2*m + 3. Let h(i) = u*c(i) - f(i). Let k(a) = a**3 - 7*a**2 - 19*a + 12. Let l be k(9). What is h(l)?
5
Let a(l) = 3*l**2 - 1. Suppose 2*p + 0*p = -36. Let k = 17 + p. Give a(k).
2
Let s(i) = -i**2 - 3*i - 3. Suppose -5*u = 2*q + 10, -2*u - 4*q = -5 - 7. Calculate s(u).
-7
Let o(y) be the second derivative of -y**8/6720 + y**7/840 - y**6/144 + y**5/40 + 5*y**4/12 + 7*y. Let a(p) be the third derivative of o(p). Give a(3).
-12
Let i(y) = 2*y - 15. Let a(q) = q - 8. Let m(t) = -7*a(t) + 4*i(t). Let z be m(4). Let l(x) = -x**2 - x**3 + 2 - 7*x**3 + 7*x**3. Calculate l(z).
2
Let q(m) = m**2 + 1. Let h(r) = -4*r**2 - 6*r - 9. Let j(v) = -h(v) - 3*q(v). Let k(s) = s**2 + 11*s - 6. Let c be k(-11). Give j(c).
6
Let z(k) = -8*k + 2*k - k**2 + 1 + 2. Let d(i) = -9*i + 67. Let j be d(8). Calculate z(j).
8
Let w(g) = -2*g - 4*g**2 + 6*g**2 + 4*g**3 - 5 + 6. Give w(1).
5
Let c(u) = -u + 3. Let o be c(2). Let p(k) = 25*k**2 + 8*k - 4. Let t(w) = -3*w**2 - 2*w + 1. Let g(z) = -p(z) - 5*t(z). Calculate g(o).
-9
Let y = 14 + -10. Let l(s) = -1. Let p(o) = -2*o**2 + 5*o + 5. Let r(c) = -4*l(c) - p(c). Give r(y).
11
Let p(w) = -10*w + 4. Let j(s) = 23*s - 8. Let b(f) = -6*j(f) - 14*p(f). Give b(8).
8
Let g(b) = b**3 + b**2 - b + 5. Let x(w) = -w**3 - 5*w**2 - 3*w + 1. Let h be x(-5). Suppose -4*d + 0*d + a = -4, 0 = 4*d - 4*a - h. Determine g(d).
5
Let m(q) = -q**2 + 4*q + 10. Let i be -6*(2 - 1)*-1. Calculate m(i).
-2
Let y be (8/(-3))/((-2)/3). Let d(q) = q + 5. Let f be d(-5). Suppose l + f*l = -y. Let b(i) = i**3 + 3*i**2 - 4*i + 2. Give b(l).
2
Let f(k) = -6 + 427*k**2 - 428*k**2 - 3*k + 9*k. What is f(6)?
-6
Let r(l) = -l + 7. Let g(k) = 4*k - 29. Let h(z) = 2*g(z) + 9*r(z). Suppose 0*x - 9 = -x - 4*c, 11 = 2*x + c. Give h(x).
0
Let d(k) = -3*k + 6. Let g(c) = 6*c - 10. Let w(z) = 5*d(z) + 3*g(z). What is w(3)?
9
Let g(x) = x**3 + 5*x**2 - 3*x - 4. Let b(k) = -k - 15. Let y be b(-10). Determine g(y).
11
Let o(h) = -h + 10. Let i be o(6). Let p(y) = 3*y**3 + 5*y**2 - 8*y - 5. Let q(m) = -m**3 + m. Let f(z) = p(z) + 4*q(z). Give f(i).
-5
Suppose 4*h + c + 3 = 5*h, -4*h = 2*c - 18. Let q(y) = -y**2 + 3*y + 1. Calculate q(h).
-3
Let o(h) = h**2 + 3*h - 4. Let x = -2 - -8. Let s = x - 7. Let t = -3 + s. What is o(t)?
0
Let x(c) = -4*c**3 - 4*c**2 + 3*c + 2. Let q(b) = 4*b**3 + 5*b**2 - 4*b - 3. Let y(l) = -2*q(l) - 3*x(l). What is y(1)?
5
Let f(g) = 2*g - 6. Let z(p) = -p**2 - 16*p - 10. Let b be z(-15). Give f(b).
4
Suppose 2*k = l - 3*l + 10, -5*l = -k - 7. Let f(t) = 3*t**2 - 3*t + l - 2*t**2 + 3*t. What is f(0)?
2
Let a = 32 - 40. Suppose -y - 4*h + 1 = -2, 4*y - 2*h = 30. Let n = a + y. Let i(s) = -5*s**2 - s - 1. Calculate i(n).
-5
Suppose -3*d - 10 = -8*d. Let l(w) = w + 4*w**2 + 5*w**d + 3*w**2. Give l(-1).
11
Let w(v) = -5*v**3 + 7*v**2 - 4*v + 7. Let n(p) = -4*p**3 + 6*p**2 - 3*p + 6. Let m(o) = 4*n(o) - 3*w(o). Determine m(3).
3
Let y(q) be the second derivative of -q**2 + 0 + 2*q + 1/3*q**3 + 1/20*q**5 + 5/12*q**4. Calculate y(-3).
10
Let h be -2*1/((-4)/(-10)). Let n(x) = -x**3 - 4*x**2 + 5*x + 5. Calculate n(h).
5
Let i(o) = o + 2. Let w be i(-6). Let t(z) = z**2 - z + 1. Let y(a) = 3 + 2*a**2 + 0*a**2 - 10*a + 4 + 3*a**2. Let p(l) = 6*t(l) - y(l). Give p(w).
-1
Let u be (-9)/12*(-84)/(-3). Let y be 9/(-7) + (-6)/u. Let s(n) = -4*n**3 - 1. Determine s(y).
3
Let u(n) be the second derivative of 2*n + 1/20*n**5 + 1/12*n**4 - 3*n**2 + 0 + 1/6*n**3. Determine u(0).
-6
Let j be -8*(2/(-4))/(-1). Let n(q) = -q**2 - 3*q + 3. Let c(u) = -u - 1. Suppose -5*b + 7 = 2. Let l(f) = b*n(f) - 2*c(f). Determine l(j).
-7
Let g be (-48)/36*21/(-4). Let p(q) = q - 5. Calculate p(g).
2
Let x(z) be the third derivative of -z**4/24 - z**3/3 - z**2. What is x(-3)?
1
Let k(g) = g**2 - 5*g + 3. Let l = -17 + 12. Let s = -2 - l. Suppose -5*m + 35 = -2*z, s*z + 47 = 5*m + 7. Determine k(m).
3
Let v(u) be the first derivative of -2*u**2 - u - 2. Calculate v(2).
-9
Suppose 4*y + 2 = 5*k - 8, 2*k = -3*y + 4. Let f(c) = -2*c**3 + 2*c**2 + 2*c. Give f(k).
-4
Let p(i) = i**3 - 18 + 34 + 2*i**2 - 3*i - 19. What is p(-2)?
3
Let g(t) = -3*t - 1. Let x(u) = -u**2 - u + 17. Let s be x(-5). Give g(s).
8
Let t(s) = 1 - 3 + 1 + 14*s. Give t(1).
13
Suppose b = 2*b. Let m(a) = 5*a**2 + b*a**3 - a**3 + 6*a - 3 - 9*a. Give m(3).
6
Let a(t) = -t**3 - 5*t**2 - t + 4. Let p be 8 - 5 - 3 - 4. Calculate a(p).
-8
Let q(f) be the first derivative of f**4/4 - f**3 - f**2/2 - f - 1. Let a = -3 + 9. Suppose -2*z + a = -0. Determine q(z).
-4
Let i(v) = 9*v + 10. Let z(o) be the first derivative of 3*o**2/2 + 3*o + 4. Let c(a) = 2*i(a) - 7*z(a). Give c(-1).
2
Let z(t) = t**2 - 8*t - 2. Suppose -152 = -12*g - 7*g. What is z(g)?
-2
Let r(l) = 42*l**2 - 6*l + 4*l - 45*l**2 + 1. Calculate r(-2).
-7
Let p(g) = -g**3 + g**2 + g + 6. Let x = 2 + 3. Suppose -x*t = 4*s + 4, -7 + 2 = 3*t + 5*s. Determine p(t).
6
Let j(d) = -d**3 + d**2. Let y(g) = -g**3 - 7*g**2 + 1. Let x be y(-7). Let t(v) = 5*v**3 - 10*v**2 - 3*v + 4. Let z(n) = x*t(n) + 6*j(n). What is z(-3)?
4
Let a(z) = -6*z + 1. Let i(o) = -o. Let w(x) = a(x) - 5*i(x). Determine w(-2).
3
Let m(r) be the first derivative of r**2/2 - 7*r + 6. Give m(0).
-7
Let k(u) be the first derivative of -1 - 6*u + 3/2*u**2 - 1/4*u**4 - 4/3*u**3. Give k(-5).
4
Let t(y